greatest common divisor of i and 90?
45
Let a = -25 - -15. Let s be a/(-3)*(-180)/(-75). What is the greatest common factor of 88 and s?
8
Let x = 101 + -59. Let p(z) = z**3 - 5*z**2 - 5. Let l be p(4). Let h = -15 - l. Calculate the greatest common divisor of x and h.
6
Let g = 78 - 76. Suppose -i = 3*w - 34, g*w + 3*i - 13 = -2. Calculate the greatest common divisor of w and 1.
1
Suppose 22 = -0*n + 2*n. Suppose 5*t + 174 = n*t. Calculate the greatest common divisor of t and 87.
29
Let q(n) = -2*n**3 - 9*n**2 - 16*n + 73. Let f be q(-13). What is the highest common factor of 38 and f?
38
Let f be 642/5 + (-4)/10. Let p(g) = -12*g + 292. Let y be p(23). What is the greatest common factor of f and y?
16
Suppose n - 67 = v - 4*v, 4*n - 100 = -5*v. Let c = 19 + -35. Let f = v + c. Calculate the greatest common divisor of 72 and f.
8
Let i be (6/8 - 30/8) + 34. What is the highest common factor of 155 and i?
31
Let h = 497 + -425. What is the greatest common factor of 1656 and h?
72
Suppose 756 = 5*b - b. Suppose 0 = 2*v + 4*c + 12, c = 2*v + 3*c + 4. Suppose -137 = -5*f - v. Calculate the greatest common divisor of f and b.
27
Let a be 8/5*20/(-8)*-1. Suppose -3*q = -q. Suppose -2 = -2*h + 5*m, 4*h + h + a*m - 71 = q. Calculate the greatest common factor of 88 and h.
11
Suppose 0 = 3*x - 4*x - 2*j + 82, 289 = 4*x - 5*j. Calculate the greatest common factor of x and 114.
38
Suppose 4*b + 4*l - 9 = 43, -b + l + 23 = 0. Calculate the highest common divisor of 12 and b.
6
Let p = -99 - -159. Suppose -95*m + 230 = -68 - 842. Calculate the highest common factor of p and m.
12
Let b be (-1)/((-1)/15) - 2. Let s = 32 + -29. Suppose 0 = 5*y - s*x - 269, 257 = 5*y + 5*x + 12. Calculate the greatest common divisor of y and b.
13
Suppose 0 = 4*k - w - 55, -w + 6 - 1 = 0. Let c be (1248/80)/(2/k). Calculate the highest common factor of 9 and c.
9
Let l(g) = -g**3 - 8*g**2 - 14*g - 37. Let u be l(-7). Calculate the greatest common divisor of 156 and u.
12
Let n(i) = -i**3 + 7*i**2 + 10*i - 8. Suppose -5*f - 15 = 0, 0 = u + 4*f - f + 3. Let m be n(u). Calculate the greatest common divisor of 8 and m.
8
Let k(s) = 2*s + 36. Let y be k(-10). Let d = 6 + -3. Suppose -5*l - 2*n + 64 = 2*n, -d*n - 12 = 0. What is the highest common divisor of y and l?
16
Let b(i) = -i**3 + 5*i**2 + 3*i - 10. Let n(f) = f + 12. Let a be 7/2*(-7 + 5). Let k be n(a). Let t be b(k). What is the greatest common factor of t and 5?
5
Let t(y) = 27*y - 17. Let i be t(8). Suppose 65 = 2*h - i. Let a be 40/(-10) - h/(-1). Calculate the greatest common divisor of 16 and a.
16
Let n be (44/20 + -3)/(4/60). Let g(d) = -d + 18. Let i be g(n). Calculate the greatest common divisor of 240 and i.
30
Let c(r) = 0 + 4 - 13*r**2 - 7*r - 5. Let a be c(-5). Let w be a/(-2) + (-12)/24. Calculate the greatest common divisor of 29 and w.
29
Suppose 0 = a + 2*x + 419, -3*a = -5*a - 5*x - 839. Let s = -256 - a. What is the greatest common factor of 7 and s?
7
Let z(b) = 2*b**2 + 19*b + 5. Let l(d) = -2*d - 9. Let t be l(2). Let w be z(t). Calculate the greatest common divisor of w and 12.
12
Let j = 18 + 19. Let g be 2 - (1 + (-2 - j)). What is the highest common divisor of 5 and g?
5
Suppose -5*a - 44 = -3*d, 61 = -18*d + 23*d + 4*a. Let s = -4 + 69. Calculate the greatest common divisor of s and d.
13
Let o = -645 - -665. Calculate the highest common factor of 80 and o.
20
Let l(q) = 2*q**3 - 4*q**2 - 4*q - 42. Let j be l(5). What is the greatest common factor of j and 704?
88
Let x(n) = 57*n**3 + 5*n**2 - 6*n + 9. Let k be x(2). Calculate the greatest common factor of 11 and k.
11
Let w be -1 + (-301)/35*-10. Calculate the greatest common factor of 1700 and w.
85
Suppose -q - 24 = 4*f, 4*q + 84 + 50 = 3*f. Let n be 741/(-12) - (-8)/q. Let i = 142 + n. What is the highest common divisor of 16 and i?
16
Suppose -5*d = -b - 837, -675 = -8*d + 4*d - b. Calculate the highest common factor of d and 48.
24
Let v(k) = 7*k**2 + 11. Let a be 5 + (9/18 - (-10)/(-4)). Let j be v(a). What is the highest common factor of j and 111?
37
Suppose 3*s - 275 = 5*j, 0 = 2*s - j - 34 - 154. What is the greatest common factor of s and 5?
5
Let f = -4 - -26. Suppose -h + f = -0*h. Calculate the highest common divisor of 2 and h.
2
Suppose 2*j + 89 + 83 = 0. Let y = j + 156. Calculate the greatest common factor of 14 and y.
14
Let o(j) = j**2 + 21*j - 2. Let s be o(-23). What is the highest common divisor of s and 8?
4
Let g be 0/(((-2)/6)/(3/(-18))). Suppose 8*d - 7*d - 11 = g. Calculate the highest common factor of 11 and d.
11
Let r = -26 - -117. Let c = -71 + r. Calculate the highest common divisor of 4 and c.
4
Let c = -613 - -1065. Calculate the highest common factor of 4 and c.
4
Let p be 154/(-10) + (4 - (-90)/(-25)). Let n(q) = q**3 + 15*q**2 - q - 13. Let m be n(p). Calculate the greatest common divisor of 7 and m.
1
Suppose -7*i - 36 = -10*i. Let l = i + 4. Calculate the highest common divisor of l and 64.
16
Let m be (-2)/10 - 93/(-15). Let n = 97 - 37. Suppose -14*s = -10*s - n. What is the greatest common factor of s and m?
3
Let r(o) = -o + 12. Let k be r(-7). Let g = 96 - k. Calculate the greatest common divisor of g and 11.
11
Let k(n) = -6*n + 20. Let c be k(-4). Suppose -2*l + 33 = -l. What is the greatest common divisor of c and l?
11
Let b = -194 + 352. Suppose 3*r - 4*v = 458, 5*r + 4*v - b = 4*r. What is the highest common factor of 14 and r?
14
Suppose -9*c + 885 = -996. What is the highest common divisor of 19 and c?
19
Let c(q) = -5*q + 25. Let p be c(-9). Suppose p - 62 = d. Calculate the highest common factor of d and 56.
8
Let z be 56/(-70)*10/(-4). Suppose 2*j - 5*b - 17 = 0, -8 - z = -j + b. What is the highest common factor of j and 1?
1
Let a = -11 + 23. Let x be 10/(-3)*(432/20)/(-6). What is the greatest common divisor of x and a?
12
Let a(p) = 89*p**2 + 6*p + 5. Let t be a(-1). Calculate the greatest common factor of 8 and t.
8
Let d be -2 - ((-5 - -3) + -17). Let x = 17 - d. Let y(a) = a**3 - a**2 + 100. Let f be y(x). Calculate the greatest common factor of f and 20.
20
Let i = 171 + -163. Calculate the highest common factor of i and 80.
8
Suppose 0 = 5*a - 5*j + 319 - 1824, a - 3*j = 309. Let o(y) = -y**3 - 11*y**2 - 14*y - 13. Let d be o(-10). Calculate the greatest common factor of d and a.
27
Let j = -3479 + 3483. Let f = 27 - 13. What is the highest common divisor of j and f?
2
Suppose -2*p + 44 + 8 = 0. Suppose -2*y + p = -y. Suppose -5*q + 29 = u + u, -4*q + y = 2*u. What is the highest common divisor of u and 35?
7
Suppose -12 = -2*s + 2. Let c = 387 - 386. What is the greatest common divisor of s and c?
1
Let h(i) = -2*i + 2. Let f be h(-2). Let v = -110 + 158. What is the highest common factor of f and v?
6
Let r(b) be the second derivative of -b**3/2 - 3*b**2 - 2*b. Let z be r(-3). What is the highest common factor of 15 and z?
3
Let v be (4 - 1395 - 3)/(2/(-2)). Calculate the highest common divisor of v and 82.
82
Let f be 8586/(-477) - (-43 + -1). Suppose -2*z = -y - 0*z + 9, -z = -2*y + 24. Calculate the highest common divisor of f and y.
13
Let x(t) = -159*t**2 - 7*t + 11. Let o(k) = 79*k**2 + 4*k - 6. Let v(q) = -7*o(q) - 4*x(q). Let j be v(-1). Calculate the highest common factor of j and 9.
9
Let a = 76 + -51. Let g be (-18)/(-4) - (-2)/4. Suppose 400 = 5*p - 3*p + 4*w, -g*p + 1000 = -2*w. What is the greatest common factor of a and p?
25
Let y(c) = c**3 - 4*c**2 + 6*c + 4. Let w be y(5). What is the highest common factor of w and 295?
59
Let y be (-634)/(-8) - (-7)/(-28). Let b be (y*(-1 - 0))/(-1). Suppose g = 4*d - 47 - 18, -5*d - g = -b. What is the greatest common factor of d and 2?
2
Let r = -12 - -16. Let x = -2 + r. Suppose 0 = 3*i - x*m - 214, 209 = 3*i + m - 2*m. What is the highest common divisor of 34 and i?
34
Suppose -72 = 9*n - 10*n. Suppose -d = -5*d + n. Calculate the greatest common divisor of d and 6.
6
Let t = 22 - 5. Let z be 1658/14 - 6*(-48)/504. Calculate the highest common divisor of z and t.
17
Let d be 0/13 + (6 - 0). Let n be (d/(-27) - 75/27)*-25. What is the highest common factor of 50 and n?
25
Let h be (1 + -4)*130/(-15). Suppose 2*u - 3*j - h = 0, -u + 3 + 17 = -5*j. What is the greatest common factor of 25 and u?
5
Suppose 0 = i - h - 2